mmon factor of 216 and q.
27
Let i(c) = 35*c + 2. Suppose r - 3*z + 0*z = -4, -5*r = -z - 8. Let b be i(r). Let q = -413 + 421. Calculate the highest common factor of q and b.
8
Suppose 2*k = -0*k + 10. Suppose -k*g + r = -45, 4 = 2*g + 5*r + 13. Calculate the greatest common divisor of g and 16.
8
Let m(o) be the second derivative of o**5/10 - 3*o**4/4 - o**3 - 8*o. Let a be m(6). Calculate the highest common factor of 108 and a.
36
Let n(c) = 2*c**2 + 9*c. Let d be n(-5). Suppose -t = 1, 0*t + 25 = d*q - 5*t. Calculate the greatest common factor of 12 and q.
4
Let b be (10 - -250)*9*1/4. What is the highest common factor of 45 and b?
45
Suppose -2*h - 34 - 14 = 3*v, -h - 24 = 5*v. Let r be (28/10)/((-308)/(-35) - 9). Let c be (r/3)/(8/h). Calculate the highest common divisor of c and 14.
14
Let i = 25 + -21. Suppose -4*l + 2*n - 1 = 1, i*l - 18 = -2*n. Suppose -3*m - l = -32. Calculate the highest common divisor of m and 10.
10
Suppose 4*v + 56 = 5*q, 2*q + v = 6*v + 36. Suppose -2*n - 1 = -15. Suppose 3*f - n*f + 288 = 0. Calculate the highest common factor of q and f.
8
Let w(o) = 4*o**2 + o - 1. Let t be w(2). Let k = 1869 + -1818. What is the highest common factor of k and t?
17
Let u(o) = o**3 - 7*o**2 - 9*o + 11. Let h be u(8). Suppose -x - 6 = -2*i - 4*x, h*i - x = 9. Calculate the highest common divisor of 6 and i.
3
Let u(t) = -t**2 + t + 4. Let r(d) = d - 5. Let o = 1 + 4. Let j be r(o). Let a be u(j). Calculate the highest common divisor of a and 36.
4
Let b = 8 - 5. Suppose -b*t + t = -66. Suppose -6*a + 29 = -103. Calculate the greatest common divisor of t and a.
11
Let d(i) = -4*i**3 - 12*i**2 + 3*i + 5. Let h be d(-5). Calculate the highest common divisor of h and 30.
10
Suppose 4*j = 4, 3*f - 5*j + 23 = 6*f. Suppose -8 = f*s - 26. Let x be 74/3 + 2/(-3). Calculate the highest common divisor of s and x.
3
Let q = -321 - -229. Let h = q + 105. Calculate the highest common divisor of 117 and h.
13
Let c be 1760/14 - 16/(-56). Suppose n - 4*f - 37 = 0, -5*n + c = -2*n + 3*f. What is the greatest common factor of 41 and n?
41
Suppose -212*c - 2*o = -217*c + 342, 0 = 2*c + 5*o - 160. Calculate the greatest common divisor of 170 and c.
10
Let k = 30 + -26. Let r = 0 - -3. Suppose 3*d = -c + 11, 2*c = -2*d - 3*c + r. What is the greatest common factor of d and k?
4
Let j = 438 - 251. Suppose -5*b + b = -5*h - j, -4*h + b = 143. Let r = -14 - h. What is the greatest common factor of r and 84?
21
Suppose 390 = 42*n - 198. Calculate the greatest common divisor of n and 74.
2
Suppose 0 = 90*j - 9884 - 826. What is the highest common factor of 3213 and j?
119
Let j(c) = -71*c + 7. Let i be j(-2). Suppose 4*t + 9*d - 123 = 6*d, d + i = 5*t. What is the highest common factor of 10 and t?
10
Suppose 7*w + 146 = 608. What is the highest common divisor of w and 462?
66
Suppose 0 = 4*o - 4441 + 4377. Let u = -55 + 79. Calculate the highest common divisor of o and u.
8
Suppose 525 + 498 = 11*u. Calculate the highest common factor of 3 and u.
3
Let t = 168 - 141. Let l(n) = -3*n**2 - 3*n + 2. Let u be l(4). Let c = 85 + u. Calculate the highest common divisor of c and t.
27
Let u(m) = -78*m + 30. Let b be u(3). Let k = -141 - b. What is the greatest common divisor of k and 42?
21
Suppose -s - 5 = -4. Let t be 18/((s + -2)/(-9)). Suppose -2 = -c + q + 19, q - t = -2*c. Calculate the greatest common divisor of c and 50.
25
Suppose 2*f - 2*t - 15 = f, 0 = -f + 5*t. Let l = -31505 - -31630. Calculate the highest common factor of f and l.
25
Let j(i) = 11*i**2 - 2*i. Let l be j(2). Let k be (-366)/(-7) + (l/(-28))/5. Let o = 18 + -5. Calculate the greatest common factor of o and k.
13
Let q = 207 - 165. Calculate the highest common factor of q and 378.
42
Suppose 4*r = 2*t + 10, 3*t - 12 = -t. Suppose -r - 2 = -3*j. Suppose -j*k + 2*b - 10 + 42 = 0, k - 3*b = 16. Calculate the highest common divisor of k and 4.
4
Let z be 68/11 + (-2)/11. Let c(p) = 18*p - 24. Let b be c(8). Let g be ((-12)/15)/((-2)/b*1). What is the greatest common divisor of g and z?
6
Let w(z) = 463*z**2 + 3*z + 4. Let g be w(-1). What is the highest common factor of g and 16?
16
Let i(u) = -u**3 + 21*u**2 - 90*u. Let l be i(13). What is the highest common divisor of l and 26?
26
Suppose 4*i - 249 + 197 = -4*y, 6 = -2*i. Calculate the highest common divisor of y and 424.
8
Suppose 470 = 4*n - 0*k + k, 5*n = -2*k + 589. What is the highest common factor of n and 13?
13
Suppose -824 - 3466 = -13*g. What is the highest common factor of g and 110?
110
Suppose -45*j = 2155 - 10165. What is the highest common divisor of j and 6?
2
Suppose x = -4*d + 3*x + 2, 3*d - 4*x = -1. Let h = 4 - d. Suppose -71 + 20 = -h*r. Calculate the highest common divisor of r and 17.
17
Suppose 3*f - 4*f = 14. Let k be -3 - 63/(-1 - -4). Let w = f - k. Calculate the greatest common factor of w and 10.
10
Suppose -44*l - 2*f = -41*l - 13, 4*l - f + 1 = 0. Calculate the highest common divisor of l and 53.
1
Suppose -2*t + 9 = -3. Let f be (-2)/((-8)/4)*(-45)/(-3). Let w = -11 + f. Calculate the highest common divisor of t and w.
2
Let f be -1 - (2 - 0) - (-9)/3. Suppose -b + 2*o + 3 = -11, f = -2*b + 5*o + 26. Calculate the greatest common divisor of 198 and b.
18
Suppose -30*n + 33*n + 9 = 0. Let f be 11 + -8*n/(-6). What is the highest common divisor of 56 and f?
7
Suppose -o = -1418 - 714. What is the greatest common divisor of o and 41?
41
Suppose -9*i + 14*i + 15 = 0. Let k be (-1 - (i + 4)) + 5. Calculate the greatest common divisor of k and 9.
3
Suppose 2*b + 2*g = 26, 2*g + 65 - 21 = 5*b. Let i = 30 - 77. Let f = i + 87. What is the greatest common divisor of b and f?
10
Let q be 16 + (2 + -3 - -3). Let s be 4/(-12) - (-712)/12. Let n = s + -41. What is the highest common factor of q and n?
18
Let h(x) = x**2 + 11*x - 152. Let t be h(-21). What is the greatest common factor of 464 and t?
58
Let y(h) = -11*h + 198. Let u be y(17). Calculate the greatest common factor of 8 and u.
1
Suppose 4*n = 111 + 65. Calculate the greatest common divisor of n and 143.
11
Let j = -8 + 5. Let m(k) = -5*k. Let t be m(j). Suppose -2*c + 26 = y - 49, -5*y = c - t. What is the highest common factor of c and 10?
10
Suppose 0 = 6*r - 94 - 218. Suppose v = -i - 2*i + 13, 0 = -4*v - 2*i + r. Suppose -2*h = -239 + 5. Calculate the highest common factor of v and h.
13
Suppose -2*d = -3*d + 336. Let g = d + -210. Suppose 3*h = 219 + g. Calculate the greatest common factor of h and 46.
23
Let z be 40/(-19) + 2 - (-130730)/95. Calculate the greatest common factor of z and 43.
43
Let z = -315 - -331. Let l(h) = -h**3 + 3*h**2 + 2. Let i be l(3). Calculate the highest common divisor of i and z.
2
Let b(g) = 7*g - 5. Let d be b(5). Let n = -801 - -816. What is the greatest common factor of d and n?
15
Let b(m) = -2*m + 2. Let h be b(3). Let n be (-2)/h*12/3. Suppose 8 = -n*j + 3*j. What is the greatest common factor of 72 and j?
8
Let j(g) = 494*g - 1. Let u be j(1). Calculate the greatest common factor of u and 29.
29
Let t(f) = f**2 + 9*f - 14. Let z be t(-11). Let r = -152 - -295. Let q = r - 71. What is the highest common factor of q and z?
8
Let k be (15/75)/((-1)/(-35)). What is the greatest common factor of 49 and k?
7
Suppose -74 = -2*p + 2*j, -6*p - 33 = -7*p - 3*j. Calculate the greatest common divisor of p and 234.
18
Suppose -5*x - 3*v = -67, -2*v + 14 = 3*x - 26. Suppose z = 21 - x. What is the highest common factor of 63 and z?
7
Suppose 0 = o + 3*d, 3*d + 3 = 4*o - 12. Suppose 2*g - 110 = -o*g. Let r be (19 - g)/((-2)/48). What is the highest common divisor of r and 9?
9
Let t be (-2)/(1 + 11) - 438/(-36). What is the highest common divisor of 20 and t?
4
Suppose 5*t = -5, 3*c - 1 = 3*t + 14. Let w be (-6)/c + (-20)/8. Let g be 22/(-4)*1*w. What is the highest common divisor of g and 154?
22
Let q = -24 + 40. Suppose -3*w = -5*w + q. Let d be (-1)/7 + (-562)/(-14). Calculate the highest common factor of d and w.
8
Let f(s) = -159*s**2 + 4*s + 0 + 3 + 0 + s. Let v(q) = q**2 - q - 1. Let w(k) = -f(k) - 4*v(k). Let z be w(1). Calculate the highest common factor of z and 31.
31
Let c(k) = -k**3 - 3*k**2 + 4*k. Let t be c(-3). Let v be 81/6*(-16)/t. Calculate the highest common divisor of v and 54.
18
Suppose 84*o = -2